*p. Calculate the remainder when p is divided by 37.
26
Suppose 3*j + 36 = 2*a, 5*a - 4*j = 79 + 32. Let s(o) = 2 + 5 - o**2 - 4 + 5*o. What is the remainder when a is divided by s(4)?
6
Suppose -2*y + 330 = 2*p - 4780, -3*p = y - 2567. Calculate the remainder when y is divided by 8.
5
Suppose 0 = z - 2*z - 3*q + 18, -2*q = -3*z + 43. Suppose z*s = -13 + 178. What is the remainder when 118 is divided by s?
8
Suppose 36*a - 29*a = -56. Let s(o) = o**3 + 9*o**2 + 5*o - 2. What is the remainder when 104 is divided by s(a)?
16
Let n = 495 - 466. Suppose 103 + 1260 = n*f. Calculate the remainder when f is divided by -1 + 21 + (-2)/1.
11
Let s(p) = -8*p**2 - 4*p - 66. Let f be s(-8). Let n = f + 977. Calculate the remainder when n is divided by 14.
11
Suppose -30*c + 26*c = -0*c - 336. What is the remainder when 571 is divided by c?
67
Suppose -12*z - 3*d + 739 = -10*z, z + d = 371. Suppose 3*h - z = -4*l, -6*h + 2*h = -8. Calculate the remainder when l is divided by 70.
22
Let a = -66 + 111. Let q(k) = 26*k**2 + 3*k - 2. Let v be q(-2). What is the remainder when a is divided by 18 - (-432)/v*(-4)/3?
9
Let y = 3 - -23. Suppose -2*j - 173 = -179. Suppose 0 = -2*a - 2*s + 156, j*a + 309 = 7*a + s. Calculate the remainder when a is divided by y.
25
Let u(t) = 2*t - 4. Let w be u(6). Suppose -5*q + 3 = -7, -w = -l - 4*q. Suppose l*b - 182 = -7*b. What is the remainder when b is divided by 9?
8
What is the remainder when 165 is divided by (-27)/(-45)*850/6?
80
Let t(h) = -5*h - 6*h - 36 + 3*h. Calculate the remainder when t(-17) is divided by -1 - (-4)/(-2) - -54.
49
Let s be 10/(-3 - -4) - -2. Let t = 793 + -695. What is the remainder when t is divided by (-2)/s - (-602)/12?
48
Suppose -1871 = -30*w - 111*w + 103. Calculate the remainder when 36 is divided by w.
8
Let r = -7463 + 10612. What is the remainder when r is divided by 45?
44
Let k(n) = -2*n**3 - 9*n**2 - 33*n - 72. Calculate the remainder when 1442 is divided by k(-4).
34
Let m = 18 - 13. Let q(h) = -2*h**3 + 105*h**2 - 55*h + 183. Calculate the remainder when q(52) is divided by m.
2
Suppose 18*r - 14*r = z - 732, -z - 3*r + 725 = 0. Suppose -60*l = -46*l - z. Calculate the remainder when 257 is divided by l.
49
Suppose 3*a = -2*i + 11, 2*i + 8 = -2*i. Let s(l) = -2*l**2 + 14*l - 8. What is the remainder when 71 is divided by s(a)?
11
Let x = 54 + -49. Suppose -200 = -x*t - 3*r, -2*t - r + 61 = -19. What is the remainder when t is divided by 2?
0
Let k = 730 + -1254. Let b = k + 539. Calculate the remainder when 688 is divided by b.
13
Let u(l) = -27*l**2 + 3*l - 2. Let a(s) = -53*s**2 + 6*s - 3. Let k(n) = -4*a(n) + 7*u(n). Let w = -21 + 65. Calculate the remainder when w is divided by k(-1).
20
Suppose 3*r = -r + 24. Let p(d) = 11*d**3 - 2*d**2 - 87*d + 172. Calculate the remainder when p(2) is divided by r.
0
Let q = -4169 + 5500. Calculate the remainder when q is divided by 46.
43
Let s = 398 + -400. Calculate the remainder when 77 is divided by 2891/98 + s/4.
19
Suppose 169*x - 3650 = 159*x. What is the remainder when x is divided by 37?
32
Suppose 2*x = 4*q - x - 166, -38 = -q - x. Calculate the remainder when 281 is divided by q.
1
Let f = -586 - -589. What is the remainder when (119 - f)*(0/2 - -2) is divided by 48?
40
Suppose -3*w - 91 = -289. Suppose k + 0*k - 47 = -2*a, 0 = 3*a + 4*k - 73. What is the remainder when w is divided by a?
20
Let h(b) = -7*b**2 - 22*b + 31. Let g(t) = -6*t**2 - 19*t + 30. Let y(q) = 6*g(q) - 5*h(q). What is the remainder when 41 is divided by y(-7)?
1
Let x(p) = -7*p. Let l be ((-8)/(-6))/((-8)/48). Let o(t) = -t**3 - 7*t**2 + 14*t + 60. What is the remainder when o(l) is divided by x(-1)?
5
Let n(u) = u**3 + 42*u**2 + 29. Let p = 649 + -691. Calculate the remainder when 113 is divided by n(p).
26
Let t = 20234 + -19556. What is the remainder when t is divided by 306?
66
Let l be (13 + -1)*6/18. Suppose l*q - 4*o = 28, 0*o = q + 4*o + 3. Suppose 31*f + 36 = 33*f. What is the remainder when f is divided by q?
3
What is the remainder when 1 - (-39)/(-45) - (-53704)/420 is divided by 12?
8
Let v be 36566/(-235) + (-1 - 8/(-5)). Let z = v + 199. Let d(b) = 6*b - 10. Calculate the remainder when z is divided by d(5).
4
Let o(y) = 3*y**2 + 41*y + 53. What is the remainder when o(-13) is divided by 16?
11
Suppose -16951 = 141*v - 164*v. Let b = v - 680. Calculate the remainder when b is divided by 22 + -2*(-2 + 3).
17
Let c = -7 + 16. Let v be 7/((-140)/15)*-4. Suppose 0 = -y - v*b + 37, y - 2*b - 22 = 40. Calculate the remainder when y is divided by c.
7
Let y be 96/(-240) - ((-14804)/10 - 0). Calculate the remainder when 218 is divided by y/30*(0 + (-9)/(-6)).
70
Suppose -1 = -q + 5*c, 0 = -0*q + 5*q - 5*c - 5. Calculate the remainder when 30 is divided by (-3)/(-5) - (42/(-5))/q.
3
Suppose -22 = 2*m + 8. Let l(g) = -9*g - 100. What is the remainder when l(m) is divided by 23?
12
Let l(v) be the third derivative of -v**5/60 + v**4/8 + 5*v**3/6 + 50*v**2 + 4. What is the remainder when 363 is divided by l(0)?
3
Suppose -3*b + 4 + 80 = 0. Let f(n) = -6*n**2 - 41*n - 40. Let i be f(-1). Let g(j) = -117*j - 569. Calculate the remainder when b is divided by g(i).
12
Calculate the remainder when -5919*((172/(-12) - -9) + 20/4) is divided by 653.
14
Calculate the remainder when 8277 is divided by 81 - (3 + 31/(93/18)).
69
Suppose 0 = -9*d + 13*d - 12. Suppose -5*w + 3*o = 1, -d*w + 4*o = o + 3. What is the remainder when (15 - 4) + w*(6 + -3) is divided by 5?
4
Let f(t) = -2*t**3 - 129*t**2 - 71*t + 9. What is the remainder when f(-64) is divided by 78?
67
Let p = 27869 - 27804. Suppose 2*u + 5 = -3, 59 = 5*i - u. Calculate the remainder when p is divided by i.
10
Let o(v) = 181*v + 3854. What is the remainder when 15633 is divided by o(-21)?
51
Let m = 2843 + -2443. Calculate the remainder when m is divided by 20.
0
Suppose 5*u - 124 = -4*v, 4*u + 10 - 66 = -2*v. Suppose -5*q + 5*c - 61 = -151, -2*q - 5*c + v = 0. What is the remainder when 214 is divided by q?
16
Let f be (1 - 1)*(-8)/(64/(-8)). Suppose 2*r - 10*r + 120 = f. Let n = r - -12. Calculate the remainder when 107 is divided by n.
26
Let r = -69 - -107. Let d(m) = -m**3 + 60*m + 8*m**2 - 37 - 6 - 20*m**2. What is the remainder when r is divided by d(-16)?
17
Suppose 0 = 5*g + 31*c - 27*c - 186, -5*c = -g + 43. Suppose -g*b = -3*b - 1330. Calculate the remainder when 112 is divided by b.
36
Suppose 0 = 5*a - 4*x - 1518, 4*x = -0*a + 6*a - 1824. Let v = -59 - -87. Calculate the remainder when a is divided by v.
26
Suppose -171 = -16*f + 7*f. Suppose -82 - 203 = -f*h. What is the remainder when 25 is divided by h?
10
Suppose 47 = 3*d + 4*n, 849*d - 854*d = -2*n - 35. What is the remainder when 28626 is divided by d?
6
Let y be (6933/6)/((-27)/(-54)). Suppose -7*z + y = -2036. What is the remainder when z is divided by 26?
23
Let n be 3/(-6)*(-4214)/7. Suppose -n*o + 1781 = -288*o. What is the remainder when o is divided by 36?
29
Suppose 0 = -h + 2*n + 19, 3*h = h + 3*n + 34. Let c = -159 + 278. Let k = c - 116. Calculate the remainder when h is divided by k.
2
Let o(s) = 3*s + s**3 + 2*s - 4*s + 0 - 2*s**2 + 4. Calculate the remainder when o(3) is divided by (-75)/90 - 213/(-18).
5
Let w be (-9*1 - 0)/(36/(-624)). Suppose 96 = 6*q - w. Suppose -78 = -4*g + q. Calculate the remainder when 119 is divided by g.
29
Suppose -5*o = -2*r + 53, 2*o + 310 - 342 = -3*r. Let n = -16 - -321. Calculate the remainder when n is divided by r.
11
Let t = -69 + 70. What is the remainder when -3 - (-1105)/(-26)*-2*t is divided by 28?
26
Let u = -109628 - -109655. Suppose 5*k = -5*a + 5 + 185, -3*a = 2*k - 111. What is the remainder when a is divided by u?
8
Let r be (4/8)/((-4)/(-40)). Let l(u) = u**2 + u - 4. Suppose -f - 56 - 20 = -5*t, 0 = -2*t + f + 31. What is the remainder when l(r) is divided by t?
11
Suppose 3*l + 75 = 5*f, 68 = 6*f - 3*l - 19. What is the remainder when 11541 is divided by f?
9
Suppose -2*z + 11 = 3. Suppose 8*v = 4*v + 196. Let p = v + -8. What is the remainder when p is divided by z?
1
Suppose 63*r + 25 = 58*r, 5*r - 263 = 4*t. Calculate the remainder when (22936/t)/(-1) + 8/18 is divided by 157.
5
Suppose 0 = n + n + 2*p - 102, -5*p + 202 = 4*n. Suppose 3*d = 238*g - 240*g + 36, 4*d + 78 